{"id":5445,"date":"2024-09-19T17:31:03","date_gmt":"2024-09-19T21:31:03","guid":{"rendered":"https:\/\/www.northstarmusicllc.com\/?post_type=product&#038;p=5445"},"modified":"2024-09-19T17:31:03","modified_gmt":"2024-09-19T21:31:03","slug":"new-voices-in-art-song-2023","status":"publish","type":"product","link":"https:\/\/www.northstarmusicllc.com\/index.php\/product\/new-voices-in-art-song-2023\/","title":{"rendered":"New Voices in Art Song 2023"},"content":{"rendered":"<table>\n<tbody>\n<tr>\n<td width=\"398\"><strong>Title and Year of<br \/>\n<\/strong><strong>Composition<\/strong><\/td>\n<td width=\"362\"><strong>Composer<\/strong><\/td>\n<td width=\"416\"><strong>School<\/strong><\/td>\n<\/tr>\n<tr>\n<td width=\"198\"><a href=\"https:\/\/www.northstarmusicllc.com\/wp-content\/uploads\/2024\/05\/4.-Capvespre-Nico-Gutierrez1.mp3\" target=\"_blank\" rel=\"noopener\">Capvespre<\/a> (2019)<\/td>\n<td width=\"162\">Nicolas Gutierrez<\/td>\n<td width=\"216\">Florida State University<\/td>\n<\/tr>\n<tr>\n<td width=\"198\"><a href=\"https:\/\/www.northstarmusicllc.com\/wp-content\/uploads\/2024\/05\/A-Difficult-Situation-Voice-Piano-Jordan-Knapp.mp3\" target=\"_blank\" rel=\"noopener\">A Difficult Situation<\/a> (2023)<\/td>\n<td width=\"162\">Jordan Knapp<\/td>\n<td width=\"216\">University of South Carolina<\/td>\n<\/tr>\n<tr>\n<td width=\"198\"><a href=\"https:\/\/www.northstarmusicllc.com\/wp-content\/uploads\/2024\/05\/Explanation-of-Autumn-Harry-Castle.mp3\" target=\"_blank\" rel=\"noopener\">Explanation of Autumn<\/a> (2021)<\/td>\n<td width=\"162\">Harry Castle<\/td>\n<td width=\"216\">University of Michigan<\/td>\n<\/tr>\n<tr>\n<td width=\"198\"><a href=\"https:\/\/www.northstarmusicllc.com\/wp-content\/uploads\/2024\/05\/MIGO-The-Extinction-of-the-Dinosaurs-TubeRipper.com-Marc-Migo-Cortes21.mp4\" target=\"_blank\" rel=\"noopener\">The Extinction of the<\/a><br \/>\nDinosaurs (2022)<\/td>\n<td width=\"162\">Marc Mig\u00f3<\/td>\n<td width=\"216\">The Juilliard School<\/td>\n<\/tr>\n<tr>\n<td width=\"198\"><a href=\"https:\/\/www.northstarmusicllc.com\/wp-content\/uploads\/2024\/05\/Levin-Fear-No-More-2-Aaron-Israel-Levin.mp3\" target=\"_blank\" rel=\"noopener\">Fear No More<\/a> (2022)<\/td>\n<td width=\"162\">Aaron Israel Levin<\/td>\n<td width=\"216\">Yale University<\/td>\n<\/tr>\n<tr>\n<td width=\"198\"><a href=\"https:\/\/www.northstarmusicllc.com\/wp-content\/uploads\/2024\/05\/Gnomes-of-the-Night-rec.-in-Hebrew-Bracha-Bdil.mp3\" target=\"_blank\" rel=\"noopener\">Gnomes of the Night<\/a> (2023)<\/td>\n<td width=\"162\">Bracha Bdil<\/td>\n<td width=\"216\">The Hebrew University<\/td>\n<\/tr>\n<tr>\n<td width=\"198\"><a href=\"https:\/\/www.northstarmusicllc.com\/wp-content\/uploads\/2024\/05\/Hush-Sarah-Marze1.mp3\" target=\"_blank\" rel=\"noopener\">Hush<\/a> (2023)<\/td>\n<td width=\"162\">Sarah Ann Marze<\/td>\n<td width=\"216\">Royal Academy of Music<\/td>\n<\/tr>\n<tr>\n<td width=\"198\"><a href=\"https:\/\/www.northstarmusicllc.com\/wp-content\/uploads\/2024\/05\/Vertex-Duo-Joy-Too-10-Max-Johnson-I-can-Max-Johnson.mp3\" target=\"_blank\" rel=\"noopener\">I Can<\/a> (2021)<\/td>\n<td width=\"162\">Max Johnson<\/td>\n<td width=\"216\">University of Pennsylvania<\/td>\n<\/tr>\n<tr>\n<td width=\"198\"><a href=\"https:\/\/www.northstarmusicllc.com\/wp-content\/uploads\/2024\/05\/IYAKA-WAL-BOUKA-for-female-voice-and-piano-Wajdi-Abou-Diab-Wajdi-Abou-Diab1.mp3\" target=\"_blank\" rel=\"noopener\">Iyy\u00e8k\u00e8 W\u00e8l Bouk\u00e8<\/a> (2023)<\/td>\n<td width=\"162\">Wajdi Abou Diab<\/td>\n<td width=\"216\">Antoine University<\/td>\n<\/tr>\n<tr>\n<td width=\"198\"><a href=\"https:\/\/www.northstarmusicllc.com\/wp-content\/uploads\/2024\/05\/Jabberwocky-Alex-Glass1.mp4\" target=\"_blank\" rel=\"noopener\">Jabberwocky<\/a> (2019)<\/td>\n<td width=\"162\">Alexander Glass<\/td>\n<td width=\"216\">Mannes School of Music<\/td>\n<\/tr>\n<tr>\n<td width=\"198\"><a href=\"https:\/\/www.northstarmusicllc.com\/wp-content\/uploads\/2024\/05\/Jiashu-He-Lyrics-Of-Autumn-Wind-He-Jiashu-He-Wooden1.wav\" target=\"_blank\" rel=\"noopener\">Lyrics of Autumn Wind<\/a> (2020)<\/td>\n<td width=\"162\">Jiashu He<\/td>\n<td width=\"216\">Longy School of Music at Bard College<\/td>\n<\/tr>\n<tr>\n<td width=\"198\"><a href=\"https:\/\/www.northstarmusicllc.com\/wp-content\/uploads\/2024\/05\/Moonlight-Audio-Lucy-Martindale.mp3\" target=\"_blank\" rel=\"noopener\">Moonlight<\/a> (2022)<\/td>\n<td width=\"162\">Lucy Martindale<\/td>\n<td width=\"216\">Boston Conservatory at Berklee<\/td>\n<\/tr>\n<tr>\n<td width=\"198\">October (2022)<\/td>\n<td width=\"162\">Yuxuan Lin<\/td>\n<td width=\"216\">The Juilliard School<\/td>\n<\/tr>\n<tr>\n<td width=\"198\"><a href=\"https:\/\/www.northstarmusicllc.com\/wp-content\/uploads\/2024\/05\/The-Snow-Man-audio-edited-Joey-ONeill.wav\" target=\"_blank\" rel=\"noopener\">The Snowman<\/a> (2022)<\/td>\n<td width=\"162\">Joey O\u2019Neill<\/td>\n<td width=\"216\">Columbia University<\/td>\n<\/tr>\n<tr>\n<td width=\"198\">Valentine\u2019s Day (2023)<\/td>\n<td width=\"162\">William Kilcoyne<\/td>\n<td width=\"216\">University of Hartford<\/td>\n<\/tr>\n<\/tbody>\n<\/table>\n<p>&nbsp;<\/p>\n","protected":false},"excerpt":{"rendered":"[dflip id=\"4952\"][\/dflip]\n<p>Robert Peavler and his colleagues have created an indispensable resource for both young composers, and young performers; one that provides generous and wise encouragement for the composing of art songs by young composers. This is the basis of true musical health for any culture.<br \/>\n<strong>David Conte, Professor of Composition; Chair; San Francisco Conservatory of Music; January 22nd, 2024<\/strong><\/p>\n","protected":false},"featured_media":4943,"template":"","meta":{"_crdt_document":""},"product_brand":[],"product_cat":[80,28,72,47,62,63,66,26,78,74,25,27],"product_tag":[],"class_list":{"0":"post-5445","1":"product","2":"type-product","3":"status-publish","4":"has-post-thumbnail","6":"product_cat-alex-glass","7":"product_cat-baritone","8":"product_cat-bass","9":"product_cat-bass-baritone","10":"product_cat-high-voice","11":"product_cat-low-voice","12":"product_cat-medium-voice","13":"product_cat-mezzosoprano","14":"product_cat-new-voices-in-art-song-2023","15":"product_cat-sarah-mize","16":"product_cat-soprano","17":"product_cat-tenor","19":"first","20":"instock","21":"taxable","22":"shipping-taxable","23":"purchasable","24":"product-type-variable"},"jetpack_sharing_enabled":true,"_links":{"self":[{"href":"https:\/\/www.northstarmusicllc.com\/index.php\/wp-json\/wp\/v2\/product\/5445","targetHints":{"allow":["GET"]}}],"collection":[{"href":"https:\/\/www.northstarmusicllc.com\/index.php\/wp-json\/wp\/v2\/product"}],"about":[{"href":"https:\/\/www.northstarmusicllc.com\/index.php\/wp-json\/wp\/v2\/types\/product"}],"wp:featuredmedia":[{"embeddable":true,"href":"https:\/\/www.northstarmusicllc.com\/index.php\/wp-json\/wp\/v2\/media\/4943"}],"wp:attachment":[{"href":"https:\/\/www.northstarmusicllc.com\/index.php\/wp-json\/wp\/v2\/media?parent=5445"}],"wp:term":[{"taxonomy":"product_brand","embeddable":true,"href":"https:\/\/www.northstarmusicllc.com\/index.php\/wp-json\/wp\/v2\/product_brand?post=5445"},{"taxonomy":"product_cat","embeddable":true,"href":"https:\/\/www.northstarmusicllc.com\/index.php\/wp-json\/wp\/v2\/product_cat?post=5445"},{"taxonomy":"product_tag","embeddable":true,"href":"https:\/\/www.northstarmusicllc.com\/index.php\/wp-json\/wp\/v2\/product_tag?post=5445"}],"curies":[{"name":"wp","href":"https:\/\/api.w.org\/{rel}","templated":true}]}}